Dec 02 03:17:30.902 INFO testing Soft/advent-of-code against master#8940af3cea4a9a9deabcaf843b2f8cad9a83fc61 for beta-1.31-5
Dec 02 03:17:30.902 INFO running `"docker" "create" "-v" "/mnt/big/crater/work/local/target-dirs/beta-1.31-5/worker-7/master#8940af3cea4a9a9deabcaf843b2f8cad9a83fc61:/target:rw,Z" "-v" "/mnt/big/crater/work/local/test-source/worker-7/beta-1.31-5/master#8940af3cea4a9a9deabcaf843b2f8cad9a83fc61:/source:ro,Z" "-v" "/mnt/big/crater/work/local/cargo-home:/cargo-home:ro,Z" "-v" "/mnt/big/crater/work/local/rustup-home:/rustup-home:ro,Z" "-e" "USER_ID=1000" "-e" "SOURCE_DIR=/source" "-e" "USER_ID=1000" "-e" "CMD=cargo +8940af3cea4a9a9deabcaf843b2f8cad9a83fc61-alt build --frozen" "-e" "CARGO_TARGET_DIR=/target" "-e" "CARGO_INCREMENTAL=0" "-e" "RUST_BACKTRACE=full" "-e" "RUSTFLAGS=--cap-lints=warn" "-e" "CARGO_HOME=/cargo-home" "-e" "RUSTUP_HOME=/rustup-home" "-m" "1536M" "--network" "none" "crater"`
Dec 02 03:17:31.399 INFO [stdout] 9bc98c9a42cdcb145659ae528f93f702055bbf22632d4e9c6a5f8ba0556362ca
Dec 02 03:17:31.411 INFO running `"docker" "start" "-a" "9bc98c9a42cdcb145659ae528f93f702055bbf22632d4e9c6a5f8ba0556362ca"`
Dec 02 03:17:32.252 INFO [stderr] usermod: no changes
Dec 02 03:17:32.383 INFO [stderr]    Compiling ordermap v0.3.2
Dec 02 03:17:32.383 INFO [stderr]    Compiling memchr v1.0.2
Dec 02 03:17:32.383 INFO [stderr]    Compiling itertools v0.7.4
Dec 02 03:17:33.679 INFO [stderr]    Compiling nom v3.2.1
Dec 02 03:17:36.035 INFO [stderr]    Compiling petgraph v0.4.10
Dec 02 03:17:37.867 INFO [stderr]    Compiling knot-hash v0.1.0 (/source/knot-hash)
Dec 02 03:17:39.947 INFO [stderr] error[E0034]: multiple applicable items in scope
Dec 02 03:17:39.947 INFO [stderr]     --> /cargo-home/registry/src/github.com-1ecc6299db9ec823/petgraph-0.4.10/src/graph_impl/stable_graph/mod.rs:1173:19
Dec 02 03:17:39.947 INFO [stderr]      |
Dec 02 03:17:39.947 INFO [stderr] 1173 |         self.iter.find_map(|(i, node)| {
Dec 02 03:17:39.947 INFO [stderr]      |                   ^^^^^^^^ multiple `find_map` found
Dec 02 03:17:39.947 INFO [stderr]      |
Dec 02 03:17:39.947 INFO [stderr] note: candidate #1 is defined in an impl of the trait `iter_utils::IterUtilsExt` for the type `_`
Dec 02 03:17:39.947 INFO [stderr]     --> /cargo-home/registry/src/github.com-1ecc6299db9ec823/petgraph-0.4.10/src/iter_utils.rs:5:5
Dec 02 03:17:39.947 INFO [stderr]      |
Dec 02 03:17:39.947 INFO [stderr] 5    | /     fn find_map<F, R>(&mut self, mut f: F) -> Option<R>
Dec 02 03:17:39.947 INFO [stderr] 6    | |         where F: FnMut(Self::Item) -> Option<R>
Dec 02 03:17:39.947 INFO [stderr] 7    | |     {
Dec 02 03:17:39.947 INFO [stderr] 8    | |         while let Some(elt) = self.next() {
Dec 02 03:17:39.947 INFO [stderr] ...    |
Dec 02 03:17:39.947 INFO [stderr] 13   | |         None
Dec 02 03:17:39.947 INFO [stderr] 14   | |     }
Dec 02 03:17:39.947 INFO [stderr]      | |_____^
Dec 02 03:17:39.947 INFO [stderr]      = note: candidate #2 is defined in an impl of the trait `std::iter::Iterator` for the type `std::iter::Enumerate<_>`
Dec 02 03:17:39.947 INFO [stderr] 
Dec 02 03:17:39.964 INFO [stderr] error[E0034]: multiple applicable items in scope
Dec 02 03:17:39.964 INFO [stderr]     --> /cargo-home/registry/src/github.com-1ecc6299db9ec823/petgraph-0.4.10/src/graph_impl/stable_graph/mod.rs:1365:19
Dec 02 03:17:39.965 INFO [stderr]      |
Dec 02 03:17:39.965 INFO [stderr] 1365 |         self.iter.find_map(|(i, edge)|
Dec 02 03:17:39.965 INFO [stderr]      |                   ^^^^^^^^ multiple `find_map` found
Dec 02 03:17:39.972 INFO [stderr]      |
Dec 02 03:17:39.972 INFO [stderr] note: candidate #1 is defined in an impl of the trait `iter_utils::IterUtilsExt` for the type `_`
Dec 02 03:17:39.972 INFO [stderr]     --> /cargo-home/registry/src/github.com-1ecc6299db9ec823/petgraph-0.4.10/src/iter_utils.rs:5:5
Dec 02 03:17:39.972 INFO [stderr]      |
Dec 02 03:17:39.972 INFO [stderr] 5    | /     fn find_map<F, R>(&mut self, mut f: F) -> Option<R>
Dec 02 03:17:39.972 INFO [stderr] 6    | |         where F: FnMut(Self::Item) -> Option<R>
Dec 02 03:17:39.972 INFO [stderr] 7    | |     {
Dec 02 03:17:39.972 INFO [stderr] 8    | |         while let Some(elt) = self.next() {
Dec 02 03:17:39.972 INFO [stderr] ...    |
Dec 02 03:17:39.972 INFO [stderr] 13   | |         None
Dec 02 03:17:39.972 INFO [stderr] 14   | |     }
Dec 02 03:17:39.972 INFO [stderr]      | |_____^
Dec 02 03:17:39.972 INFO [stderr]      = note: candidate #2 is defined in an impl of the trait `std::iter::Iterator` for the type `std::iter::Enumerate<_>`
Dec 02 03:17:39.972 INFO [stderr] 
Dec 02 03:17:39.980 INFO [stderr] error[E0034]: multiple applicable items in scope
Dec 02 03:17:39.980 INFO [stderr]     --> /cargo-home/registry/src/github.com-1ecc6299db9ec823/petgraph-0.4.10/src/graph_impl/stable_graph/mod.rs:1529:19
Dec 02 03:17:39.980 INFO [stderr]      |
Dec 02 03:17:39.980 INFO [stderr] 1529 |         self.iter.find_map(|(i, node)| {
Dec 02 03:17:39.980 INFO [stderr]      |                   ^^^^^^^^ multiple `find_map` found
Dec 02 03:17:39.980 INFO [stderr]      |
Dec 02 03:17:39.980 INFO [stderr] note: candidate #1 is defined in an impl of the trait `iter_utils::IterUtilsExt` for the type `_`
Dec 02 03:17:39.980 INFO [stderr]     --> /cargo-home/registry/src/github.com-1ecc6299db9ec823/petgraph-0.4.10/src/iter_utils.rs:5:5
Dec 02 03:17:39.980 INFO [stderr]      |
Dec 02 03:17:39.980 INFO [stderr] 5    | /     fn find_map<F, R>(&mut self, mut f: F) -> Option<R>
Dec 02 03:17:39.980 INFO [stderr] 6    | |         where F: FnMut(Self::Item) -> Option<R>
Dec 02 03:17:39.980 INFO [stderr] 7    | |     {
Dec 02 03:17:39.980 INFO [stderr] 8    | |         while let Some(elt) = self.next() {
Dec 02 03:17:39.980 INFO [stderr] ...    |
Dec 02 03:17:39.980 INFO [stderr] 13   | |         None
Dec 02 03:17:39.980 INFO [stderr] 14   | |     }
Dec 02 03:17:39.980 INFO [stderr]      | |_____^
Dec 02 03:17:39.980 INFO [stderr]      = note: candidate #2 is defined in an impl of the trait `std::iter::Iterator` for the type `std::iter::Enumerate<_>`
Dec 02 03:17:39.980 INFO [stderr] 
Dec 02 03:17:39.980 INFO [stderr] error[E0034]: multiple applicable items in scope
Dec 02 03:17:39.980 INFO [stderr]     --> /cargo-home/registry/src/github.com-1ecc6299db9ec823/petgraph-0.4.10/src/graph_impl/stable_graph/mod.rs:1575:19
Dec 02 03:17:39.980 INFO [stderr]      |
Dec 02 03:17:39.980 INFO [stderr] 1575 |         self.iter.find_map(|(i, node)| {
Dec 02 03:17:39.980 INFO [stderr]      |                   ^^^^^^^^ multiple `find_map` found
Dec 02 03:17:39.980 INFO [stderr]      |
Dec 02 03:17:39.980 INFO [stderr] note: candidate #1 is defined in an impl of the trait `iter_utils::IterUtilsExt` for the type `_`
Dec 02 03:17:39.980 INFO [stderr]     --> /cargo-home/registry/src/github.com-1ecc6299db9ec823/petgraph-0.4.10/src/iter_utils.rs:5:5
Dec 02 03:17:39.980 INFO [stderr]      |
Dec 02 03:17:39.980 INFO [stderr] 5    | /     fn find_map<F, R>(&mut self, mut f: F) -> Option<R>
Dec 02 03:17:39.980 INFO [stderr] 6    | |         where F: FnMut(Self::Item) -> Option<R>
Dec 02 03:17:39.980 INFO [stderr] 7    | |     {
Dec 02 03:17:39.980 INFO [stderr] 8    | |         while let Some(elt) = self.next() {
Dec 02 03:17:39.980 INFO [stderr] ...    |
Dec 02 03:17:39.980 INFO [stderr] 13   | |         None
Dec 02 03:17:39.980 INFO [stderr] 14   | |     }
Dec 02 03:17:39.980 INFO [stderr]      | |_____^
Dec 02 03:17:39.980 INFO [stderr]      = note: candidate #2 is defined in an impl of the trait `std::iter::Iterator` for the type `std::iter::Enumerate<_>`
Dec 02 03:17:39.980 INFO [stderr] 
Dec 02 03:17:40.311 INFO [stderr] error: aborting due to 4 previous errors
Dec 02 03:17:40.311 INFO [stderr] 
Dec 02 03:17:40.311 INFO [stderr] For more information about this error, try `rustc --explain E0034`.
Dec 02 03:17:40.325 INFO [stderr] error: Could not compile `petgraph`.
Dec 02 03:17:40.325 INFO [stderr] 
Dec 02 03:17:40.325 INFO [stderr] To learn more, run the command again with --verbose.
Dec 02 03:17:40.325 INFO [stderr] su: No module specific data is present
Dec 02 03:17:40.939 INFO running `"docker" "inspect" "9bc98c9a42cdcb145659ae528f93f702055bbf22632d4e9c6a5f8ba0556362ca"`
Dec 02 03:17:41.283 INFO running `"docker" "rm" "-f" "9bc98c9a42cdcb145659ae528f93f702055bbf22632d4e9c6a5f8ba0556362ca"`
Dec 02 03:17:41.551 INFO [stdout] 9bc98c9a42cdcb145659ae528f93f702055bbf22632d4e9c6a5f8ba0556362ca
